t common divisor of 20 and 14?
2
What is the greatest common divisor of 34 and 221?
17
What is the highest common divisor of 759 and 138?
69
What is the greatest common factor of 24 and 132?
12
Calculate the highest common divisor of 75 and 50.
25
Calculate the greatest common divisor of 65 and 9165.
65
What is the highest common factor of 836 and 152?
76
Calculate the greatest common divisor of 220 and 40.
20
Calculate the highest common factor of 10 and 160.
10
Calculate the greatest common factor of 154 and 1606.
22
What is the highest common factor of 3122 and 28?
14
What is the highest common factor of 40 and 888?
8
Calculate the greatest common divisor of 225 and 350.
25
Calculate the highest common factor of 1482 and 234.
78
What is the highest common divisor of 528 and 1848?
264
What is the highest common factor of 288 and 648?
72
What is the highest common divisor of 437 and 19?
19
What is the greatest common factor of 369 and 1620?
9
Calculate the highest common divisor of 130 and 455.
65
Calculate the highest common factor of 5 and 3860.
5
What is the greatest common divisor of 1104 and 48?
48
Calculate the highest common divisor of 380 and 665.
95
What is the highest common divisor of 1568 and 98?
98
Calculate the highest common divisor of 406 and 56.
14
Calculate the greatest common divisor of 510 and 60.
30
What is the greatest common factor of 893 and 47?
47
Calculate the highest common divisor of 147 and 3.
3
What is the greatest common divisor of 615 and 30?
15
Calculate the greatest common factor of 29 and 3973.
29
Calculate the highest common factor of 1073 and 116.
29
Calculate the greatest common factor of 435 and 5365.
145
What is the highest common divisor of 27 and 189?
27
What is the highest common factor of 1 and 17?
1
What is the greatest common divisor of 1808 and 176?
16
Calculate the greatest common divisor of 75 and 150.
75
What is the greatest common divisor of 374 and 2754?
34
What is the greatest common divisor of 3268 and 684?
76
Calculate the highest common divisor of 234 and 18954.
234
Calculate the highest common factor of 60 and 490.
10
What is the highest common divisor of 37 and 1961?
37
Calculate the greatest common factor of 91 and 364.
91
What is the greatest common divisor of 46 and 22?
2
Calculate the greatest common divisor of 92 and 4.
4
Calculate the highest common factor of 27 and 3537.
27
Calculate the highest common divisor of 82 and 1763.
41
What is the greatest common divisor of 891 and 11?
11
What is the highest common divisor of 342 and 18?
18
Calculate the greatest common factor of 4 and 202.
2
Calculate the greatest common factor of 75 and 525.
75
What is the greatest common divisor of 62 and 262?
2
What is the greatest common divisor of 10 and 185?
5
Calculate the highest common divisor of 1428 and 252.
84
What is the greatest common divisor of 87 and 261?
87
What is the greatest common divisor of 7590 and 10?
10
What is the greatest common factor of 328 and 16?
8
Calculate the highest common divisor of 960 and 645.
15
Calculate the highest common factor of 18 and 1206.
18
Calculate the greatest common factor of 216 and 6588.
108
What is the highest common divisor of 21 and 336?
21
Calculate the greatest common factor of 66 and 55.
11
What is the greatest common divisor of 71 and 2911?
71
Calculate the greatest common divisor of 156 and 78.
78
What is the highest common divisor of 4445 and 14?
7
What is the highest common factor of 55 and 165?
55
What is the greatest common factor of 1422 and 1?
1
Calculate the greatest common divisor of 42 and 36.
6
What is the greatest common divisor of 800 and 25?
25
What is the highest common factor of 150 and 24?
6
What is the highest common divisor of 256 and 288?
32
What is the highest common divisor of 225 and 135?
45
Calculate the greatest common divisor of 13 and 1417.
13
What is the greatest common divisor of 174 and 6?
6
Calculate the greatest common factor of 1404 and 72.
36
Calculate the highest common factor of 232 and 58.
58
Calculate the greatest common factor of 84 and 3948.
84
Calculate the greatest common divisor of 22256 and 416.
208
Calculate the greatest common factor of 384 and 6.
6
What is the highest common factor of 20568 and 24?
24
Calculate the highest common divisor of 209 and 2793.
19
What is the greatest common divisor of 76 and 4237?
19
What is the greatest common divisor of 18 and 408?
6
Calculate the greatest common factor of 351 and 9.
9
Calculate the highest common factor of 384 and 168.
24
Calculate the highest common factor of 288 and 896.
32
What is the greatest common divisor of 88 and 1947?
11
Calculate the highest common divisor of 44 and 902.
22
Calculate the highest common factor of 79 and 35866.
79
What is the highest common divisor of 650 and 50?
50
What is the highest common divisor of 31430 and 210?
70
What is the greatest common factor of 12 and 12?
12
Calculate the greatest common divisor of 76 and 2052.
76
Calculate the highest common divisor of 57 and 1311.
57
Calculate the highest common divisor of 13 and 9438.
13
What is the greatest common divisor of 40 and 140?
20
Calculate the greatest common divisor of 24 and 9696.
24
Calculate the greatest common factor of 26 and 28925.
13
Calculate the greatest common divisor of 425 and 255.
85
What is the greatest common factor of 84 and 378?
42
What is the highest common factor of 84 and 3948?
84
What is the highest common factor of 87 and 3?
3
Calculate the highest common divisor of 14 and 1106.
14
Calculate the highest common divisor of 56 and 238.
14
What is the greatest common factor of 72 and 1128?
24
Calculate the greatest common divisor of 3072 and 42.
6
What is the highest common divisor of 7008 and 438?
438
Calculate the greatest common divisor of 99 and 726.
33
What is the greatest common factor of 864 and 12?
12
Calculate the greatest common factor of 319 and 2761.
11
What is the highest common factor of 520 and 1110?
10
What is the highest common factor of 132 and 385?
11
Calculate the greatest common divisor of 3116 and 328.
164
Calculate the greatest common factor of 713 and 23.
23
What is the greatest common factor of 76 and 76?
76
Calculate the highest common divisor of 13755 and 63.
21
Calculate the highest common factor of 697 and 68.
17
Calculate the highest common divisor of 7363 and 796.
199
Calculate the highest common factor of 26 and 9139.
13
Calculate the highest common factor of 1034 and 110.
22
Calculate the greatest common factor of 16 and 152.
8
Calculate the greatest common divisor of 48 and 80.
16
What is the highest common divisor of 275 and 33?
11
Calculate the greatest common divisor of 730 and 5.
5
What is the highest common divisor of 152 and 1957?
19
What is the highest common divisor of 69 and 1334?
23
Calculate the highest common factor of 927 and 9.
9
Calculate the highest common divisor of 130 and 115.
5
What is the greatest common divisor of 665 and 19?
19
What is the highest common divisor of 2190 and 20?
10
What is the highest common factor of 10 and 3060?
10
What is the highest common divisor of 110 and 88?
22
Calculate the highest common factor of 64 and 404.
4
What is the greatest common divisor of 126 and 48?
6
What is the highest common divisor of 184 and 3082?
46
Calculate the greatest common factor of 183 and 61.
61
Calculate the highest common divisor of 135 and 20.
5
Calculate the greatest common factor of 5902 and 26.
26
Calculate the highest common divisor of 20 and 59380.
20
What is the greatest common factor of 15 and 435?
15
Calculate the highest common factor of 612 and 17.
17
Calculate the highest common factor of 297 and 3399.
33
Calculate the highest common divisor of 220 and 60.
20
What is the highest common divisor of 1356 and 12?
12
What is the highest common factor of 63 and 2583?
63
What is the highest common factor of 150 and 50?
50
What is the highest common divisor of 216 and 63?
9
Calculate the highest common divisor of 18 and 222.
6
What is the highest common factor of 5452 and 232?
116
Calculate the greatest common divisor of 24 and 8268.
12
Calculate the highest common divisor of 498 and 1826.
166
Calculate the greatest common divisor of 315 and 280.
35
What is the greatest commo